What is the remainder when 103797 is divided by 2908?
2017
Calculate the remainder when 370284 is divided by 914.
114
What is the remainder when 12469653 is divided by 1837?
97
Calculate the remainder when 95422540 is divided by 11.
4
What is the remainder when 333197253 is divided by 6153?
6150
Calculate the remainder when 267073 is divided by 433.
345
Calculate the remainder when 625144 is divided by 2408.
1472
Calculate the remainder when 7810447 is divided by 2603480.
7
Calculate the remainder when 2767095 is divided by 2767065.
30
Calculate the remainder when 28698 is divided by 4810.
4648
Calculate the remainder when 224940 is divided by 1700.
540
Calculate the remainder when 726148 is divided by 36193.
2288
What is the remainder when 1018553 is divided by 129?
98
Calculate the remainder when 24554917 is divided by 24554905.
12
Calculate the remainder when 6667519 is divided by 44.
23
What is the remainder when 13612 is divided by 1480?
292
Calculate the remainder when 421348 is divided by 5799.
3820
What is the remainder when 1379086 is divided by 344759?
50
What is the remainder when 127949 is divided by 814?
151
Calculate the remainder when 177735 is divided by 388.
31
What is the remainder when 5495997012 is divided by 405?
402
Calculate the remainder when 429684 is divided by 886.
860
What is the remainder when 3633 is divided by 674?
263
Calculate the remainder when 158700 is divided by 476.
192
Calculate the remainder when 57028 is divided by 9345.
958
Calculate the remainder when 29791 is divided by 163.
125
Calculate the remainder when 267555167 is divided by 9.
8
What is the remainder when 13154624 is divided by 13154481?
143
Calculate the remainder when 624783 is divided by 52025.
483
Calculate the remainder when 10752726 is divided by 46.
42
Calculate the remainder when 811395 is divided by 13986.
207
Calculate the remainder when 587561 is divided by 489.
272
Calculate the remainder when 5965679 is divided by 112.
111
What is the remainder when 7124491 is divided by 395802?
55
What is the remainder when 674279 is divided by 1872?
359
What is the remainder when 52765820 is divided by 177?
173
What is the remainder when 919966 is divided by 1783?
1721
Calculate the remainder when 3358238 is divided by 1119406.
20
Calculate the remainder when 9996 is divided by 1226.
188
Calculate the remainder when 8746 is divided by 3179.
2388
What is the remainder when 1903889 is divided by 383?
379
What is the remainder when 1966214 is divided by 115640?
334
What is the remainder when 45059473 is divided by 56?
25
Calculate the remainder when 179907 is divided by 286.
13
What is the remainder when 318352 is divided by 2277?
1849
Calculate the remainder when 8554892 is divided by 275964.
8
Calculate the remainder when 28827 is divided by 1474.
821
What is the remainder when 42403 is divided by 8456?
123
What is the remainder when 47352738 is divided by 22?
4
What is the remainder when 6463048 is divided by 380178?
22
What is the remainder when 15637 is divided by 4982?
691
Calculate the remainder when 97774206 is divided by 729.
726
Calculate the remainder when 654528 is divided by 29751.
6
What is the remainder when 9159717 is divided by 888?
885
Calculate the remainder when 117339609 is divided by 10.
9
Calculate the remainder when 2727731 is divided by 78.
71
Calculate the remainder when 106230 is divided by 162.
120
What is the remainder when 138720 is divided by 9902?
92
What is the remainder when 3435162 is divided by 154?
38
Calculate the remainder when 3298547 is divided by 824629.
31
Calculate the remainder when 2860580 is divided by 83.
68
What is the remainder when 198109991 is divided by 3084?
3083
Calculate the remainder when 665126 is divided by 221689.
59
Calculate the remainder when 40587109 is divided by 68.
17
Calculate the remainder when 98072 is divided by 49028.
16
Calculate the remainder when 206099 is divided by 1398.
593
What is the remainder when 117215 is divided by 190?
175
Calculate the remainder when 1522902 is divided by 717.
711
What is the remainder when 10820409 is divided by 1082040?
9
What is the remainder when 46714732 is divided by 160?
12
Calculate the remainder when 19732541 is divided by 133.
129
What is the remainder when 1032691 is divided by 1201?
1032
Calculate the remainder when 450234 is divided by 1410.
444
What is the remainder when 2178287 is divided by 3519?
26
What is the remainder when 148811 is divided by 4799?
42
Calculate the remainder when 1421161 is divided by 1822.
1
What is the remainder when 41156 is divided by 366?
164
What is the remainder when 4598259 is divided by 328447?
1
Calculate the remainder when 2238205 is divided by 1119086.
33
What is the remainder when 89214 is divided by 405?
114
What is the remainder when 990392 is divided by 227?
218
What is the remainder when 53396 is divided by 26425?
546
Calculate the remainder when 51087 is divided by 14487.
7626
Calculate the remainder when 2297866 is divided by 79236.
22
Calculate the remainder when 785656 is divided by 98162.
360
Calculate the remainder when 8156925 is divided by 2064.
2061
Calculate the remainder when 12627241 is divided by 9.
7
What is the remainder when 2283890 is divided by 4758?
50
Calculate the remainder when 518487 is divided by 1678.
1663
What is the remainder when 4761571 is divided by 575?
571
What is the remainder when 17603987 is divided by 4320?
4307
Calculate the remainder when 401960685 is divided by 79.
74
What is the remainder when 1007662 is divided by 503801?
60
What is the remainder when 285513 is divided by 561?
525
What is the remainder when 431100 is divided by 17229?
375
Calculate the remainder when 182136 is divided by 352.
152
What is the remainder when 5864206 is divided by 1302?
1300
Calculate the remainder when 479051 is divided by 307.
131
What is the remainder when 2963582 is divided by 246955?
122
What is the remainder when 37766507 is divided by 571?
567
What is the remainder when 254275 is divided by 1415?
990
Calculate the remainder when 83523033 is divided by 2.
1
What is the remainder when 300997 is divided by 75238?
45
What is the remainder when 250929830 is divided by 70?
60
Calculate the remainder when 6049 is divided by 222.
55
What is the remainder when 19144816 is divided by 1085?
1076
What is the remainder when 6428 is divided by 907?
79
What is the remainder when 2475638 is divided by 4493?
4488
Calculate the remainder when 23795431 is divided by 5268.
5143
Calculate the remainder when 2534915 is divided by 45263.
187
What is the remainder when 41890174 is divided by 612?
610
What is the remainder when 1539290 is divided by 769470?
350
Calculate the remainder when 360735141 is divided by 308.
305
What is the remainder when 12707388 is divided by 2426?
0
What is the remainder when 1745548 is divided by 10579?
13
What is the remainder when 928087 is divided by 3?
1
Calculate the remainder when 17978398 is divided by 14314.
14
Calculate the remainder when 4419578 is divided by 1079.
1073
What is the remainder when 184437 is divided by 44361?
6993
What is the remainder when 28057 is divided by 1098?
607
What is the remainder when 15039 is divided by 51?
45
Calculate the remainder when 45261 is divided by 15017.
210
What is the remainder when 215048433 is divided by 204?
201
Calculate the remainder when 48184 is divided by 5898.
1000
Calculate the remainder when 35926554 is divided by 16859.
25
Calculate the remainder when 736330 is divided by 38726.
536
What is the remainder when 1068827 is divided by 123?
80
Calculate the remainder when 334897 is divided by 111449.
550
Calculate the remainder when 140500737 is divided by 332.
329
What is the remainder when 20452953 is divided by 67?
64
What is the remainder when 4626634 is divided by 689?
688
Calculate the remainder when 130505 is divided by 16179.
1073
Calculate the remainder when 70778 is divided by 141.
137
What is the remainder when 255063 is divided by 1214?
123
Calculate the remainder when 2376764 is divided by 132016.
476
Calculate the remainder when 161367 is divided by 7265.
1537
Calculate the remainder when 3353668 is divided by 1117882.
22
Calculate the remainder when 152044 is divided by 126.
88
What i